). Let q = h - 17. What is the units digit of q?
5
Let c(p) = p**2 - 2*p - 3. Let h be 6/5*(-160)/(-12). Suppose -h = -3*t - 4. What is the units digit of c(t)?
5
Suppose -5*n = y - 222, 2*y = -5*n + 223 - 4. Suppose -2*x - k = 16 - 46, n = 5*x - 5*k. What is the tens digit of x?
1
Suppose -3*n = -4*a + 13, 4*a + 6*n - 2*n - 20 = 0. What is the tens digit of (1*-164)/a*-1?
4
Suppose 3*o + 0*o - n + 103 = 0, 5*o - 4*n = -174. Let y = -15 - o. What is the tens digit of y?
1
Let p be 104/(-6)*15/(-10). Suppose 3*r = 3*s - 63, 5*r + 10 + 15 = 0. Let a = p - s. What is the tens digit of a?
1
Let v(m) = 3*m**3 - 3*m**2 + m + 6. What is the units digit of v(3)?
3
Let p be (3/(-12))/((-3)/12). Let x(l) = l**3 + 2*l**2 - 1. Let n be x(1). Suppose -n*c + p = -7. What is the units digit of c?
4
Let x(p) = -p + 10. Let u(a) = -a**2 - 11*a + 10. Let v be u(-9). Let g be (v/12)/((-2)/6). What is the units digit of x(g)?
7
Let l(d) = -d**3 - 7*d**2 - 2*d - 10. Suppose -3*z + 2*z - 7 = 0. What is the units digit of l(z)?
4
Let k be (-12)/(-66) + 326/22. What is the units digit of -3*6/(-9) + k?
7
Suppose z + 45 = 184. What is the tens digit of z?
3
What is the tens digit of (-538)/(-10) + 1*1/5?
5
Let s(d) = 10*d - 3*d + 2 + d. What is the tens digit of s(4)?
3
Suppose 2 + 3 = 5*x. Let p be x/4 + 14/8. Suppose -p*o - 9 = -3*o. What is the units digit of o?
9
What is the tens digit of 1 + -6 + (150 - 3)?
4
Let d be (-1 + -2)/3*0. Suppose 3*o - o - 20 = d. What is the tens digit of o?
1
Suppose -2*m - 23 = 3*f - 7, -2*f = -4*m - 16. Let l(n) = n**3 - 1 - 2*n**2 - 3*n**3 + n + 2 + 0*n. What is the units digit of l(f)?
7
Suppose r + 12 - 173 = 0. What is the tens digit of r?
6
Let p(g) = -g**3 - 6*g**2 + 1. Let f be 6/27 - 112/18. Let a be p(f). Suppose 3*x = -4*m - a - 9, 5*x + 10 = -5*m. What is the units digit of x?
2
Suppose 4*f - 3*v = 25, 3*f = v - 4*v + 3. Suppose -83 = -4*y - 5*i, y - 56 = -3*y + f*i. What is the units digit of y?
7
Let c(o) = 3*o. Suppose -4*r + f - 4 = -18, f - 2 = 0. Let z be c(r). Suppose 0 = 3*j - g - 8 - z, 0 = -5*j - 5*g + 60. What is the units digit of j?
8
Let m = -104 + 259. Suppose m = -0*o + 5*o. What is the units digit of o?
1
Suppose -y + 0*y = 2. Suppose 5*p = 3*j - 0*p - 52, 8 = -4*p. Let i = y + j. What is the units digit of i?
2
Suppose -46 = -2*i + 2*c, 4*c = 8*c - 8. Let m = 37 - i. What is the tens digit of m?
1
Suppose -840 = 13*v - 18*v. What is the units digit of v?
8
Let j(z) = -6*z**3 - 4*z**2 + 12*z + 8. Let k(a) = a**3 - a. Let t(r) = j(r) + 5*k(r). What is the tens digit of t(-6)?
3
Suppose -5*l = 5*d - 30, -2*l - 3*l - 3*d = -20. Suppose -l - 7 = 4*g, -3*c = 5*g - 68. What is the tens digit of c?
2
Suppose -5*c - 24 = -1114. What is the tens digit of c?
1
What is the hundreds digit of 1813/11 - 26/(-143)?
1
Suppose 5*a + 5*i - 43 = 4*a, 114 = 2*a + 3*i. What is the tens digit of a?
6
Let r be (-9 - -5)*(-1)/(-4). What is the tens digit of r - (2 + 2 + -22)?
1
Suppose -8*h + 100 = -3*h. What is the tens digit of h?
2
Let s = -30 - -47. What is the units digit of s?
7
Let k(l) = -3*l - 30. Let n(g) = -4*g - 31. Let b(s) = -6*k(s) + 5*n(s). What is the units digit of b(-11)?
7
Suppose 5*z = 3*g - 774, 5*g - 1366 = 4*z - 89. What is the hundreds digit of g?
2
Let h be (-1)/3 - (-28)/21. What is the units digit of 1 + h + 2*4?
0
Suppose 2*i - d - 5 = 4*d, -4*d = i - 35. Let h be -1*i*(-6 - -3). Suppose -5*c = -0*c - h. What is the units digit of c?
9
Let d be ((-9)/4)/((-1)/(-4)). Let o(z) = -z - 12. Let w be o(d). What is the units digit of -1 - 6/(w/1)?
1
Let r(v) be the third derivative of -v**6/120 + 7*v**3/2 - 5*v**2. What is the units digit of r(0)?
1
Let x(w) = -w**3 - 7*w**2 + 7*w + 4. What is the units digit of x(-8)?
2
Suppose -25 = -2*x + 25. What is the units digit of x?
5
Let f(g) = g**3 - 3*g**2 - 5*g + 4. Let h be f(4). Suppose 3*t + 2*t = 4*u - 15, h = u - t - 5. What is the units digit of u?
0
Suppose -u + 6*h = h - 26, 3*u + 22 = -5*h. Suppose 4 - u = v. What is the tens digit of ((-20)/(-6))/(1/v)?
1
Suppose 6*b = 3*b. Suppose 2*p - p - 32 = b. Suppose 3*h + 14 - p = 0. What is the units digit of h?
6
Let u(z) = 19*z**2 - 4*z + 2. Let s be u(2). Suppose -5 = -t + 5*n + 8, -s = -4*t + 2*n. What is the units digit of t?
8
Let r be (-1)/(-2)*2 - -2. Suppose 5*y + r = 8. What is the units digit of y?
1
Suppose 4*s = 2*k + k + 18, 11 = 3*s - k. Let d be s*(-1)/(-2)*4. What is the units digit of (-40)/(-6) - 4/d?
6
What is the units digit of 1/(336/111 + -3)?
7
Let i = -1 - 2. What is the tens digit of (-3)/((-2)/(5 - i))?
1
Let u = 12 + -17. Let i = u + 10. What is the units digit of i?
5
Suppose 3*n = -4*r + 159, 0 = -2*n - 2*n + 4*r + 240. What is the tens digit of n?
5
Suppose 10*d = 5*d + 595. What is the tens digit of d?
1
Let s = 10 - 22. Let w(k) = -k**2 - 12*k + 2. What is the units digit of w(s)?
2
Let v be 0 - (2 + -7 + 3). What is the units digit of (-2 + v + 1)*1?
1
Let o(r) = -r**2 + 6*r. Let s be o(6). Let j(t) = t - 12. Let u be j(11). What is the units digit of (1 + -3)*u + s?
2
Suppose -2*v = -2*d + d + 65, 5*d - 5*v = 330. What is the tens digit of d?
6
Let a(z) = z**3 - 4*z**2 + 2*z + 2. Let r be a(3). Let f be (-6 + -5)*(0 + r). Let h = -7 + f. What is the units digit of h?
4
Suppose 14*m = 17*m - 276. Suppose -v = v - m. What is the tens digit of v?
4
Let r = -16 + 62. What is the tens digit of r?
4
Let n(u) = 29*u**2 + u - 8. What is the tens digit of n(2)?
1
Suppose -37*i = -34*i - 387. What is the hundreds digit of i?
1
Let w be ((-40)/(-12))/((-4)/(-6)). What is the units digit of (6/w)/(22/55)?
3
Suppose -7*q = -5*q + 34. Let h = q - -48. What is the units digit of h?
1
Let a(k) = k**2 - k - 2. Let j be a(4). Suppose -4*h - 2*o + j = 0, -h - 3*o + 15 = -5*h. Suppose 0 = -4*i - h*i + 40. What is the units digit of i?
0
Suppose -3*d - 2*h = 1 + 15, 15 = 5*d - 5*h. Let i = 3 + d. What is the units digit of i - (0 - 1) - 0?
2
Let z = 21 + -14. Let y = 4 - z. What is the units digit of y/2*8/(-6)?
2
What is the units digit of (-3 + 2)*1 + 14/1?
3
Suppose -2*x + 8 = 0, -4*o + o + 217 = 4*x. What is the units digit of o?
7
Let j be 6*(9/6 + 3). Let o = j + -15. What is the units digit of o?
2
Let o be (-4)/(-14) - (-4)/(-14). Suppose o = -2*i - 0*i + 82. Suppose 3*d - 10 = -2*f + 19, -4*d + i = 3*f. What is the units digit of f?
7
Suppose -4*u = -3*u - 8. Let s = 5 - 2. Suppose -u + 2 = -s*t. What is the units digit of t?
2
Let u = -2 + 4. Suppose 0 = -5*s - 5*g + 45, -5*s + 6*g = u*g. Suppose 3*h + s*m - 24 = 0, -4*h - 2*m - 4 = -36. What is the units digit of h?
8
Suppose -5*i = -i. Suppose i = r - 0 + 1. Let v = 3 + r. What is the units digit of v?
2
Let g(c) = 0 + 1 + 1 + 0 + 8*c + c**2. What is the units digit of g(-11)?
5
Suppose 237 = 5*z - 38. What is the units digit of z?
5
Let d = 140 - 107. What is the tens digit of d?
3
Let w(u) = -u**3 - 16*u**2 - 3*u - 12. What is the units digit of w(-16)?
6
Suppose -w = 4*w - 10. Suppose -w*t + 4*t = -2. What is the units digit of (-18)/(-8) + t/4?
2
Let f(l) = -29*l + 80. Let v(w) = 10*w - 27. Let c(q) = -6*f(q) - 17*v(q). What is the units digit of c(9)?
5
Suppose -7*m = -10*m + 234. Let f = m + -55. What is the tens digit of f?
2
What is the units digit of 6*(-44)/(-28)*(14 - 0)?
2
Suppose -7 = -y - 5*r, -2*y = r + 2 + 2. What is the tens digit of 16 + (-6)/(-3) + y?
1
Suppose 5*q - 10 = 3*l, -q + 6*q - l = 10. Suppose -30 = -q*t + 4*k, -k - 3 = -0. What is the units digit of (t/(-2))/(4/(-16))?
8
Let y(g) = 2*g**2 + 6*g + 5. What is the tens digit of y(-6)?
4
Suppose -10 = 4*w - 2. Let s = w + 6. Let c = 16 - s. What is the units digit of c?
2
Let m(g) = g**2 + 16*g + 18. Let o be m(-15). Suppose -2*x + 32 = x + a, -o*x + 29 = 4*a. What is the tens digit of x?
1
Suppose -3*x + 12 = t + 2*t, 0 = 2*t. Suppose 0*l + 4*h = -x*l + 60, 0 = -2*l - 4*h + 38. Let v = l + -7. What is the units digit of v?
4
Let s = 2 - 2. Let q(a) be the first derivative of a**4/4 - a**2/2 + 5*a + 14. What is the units digit of q(s)?
5
Suppose 3*c + 4 = 2*m, 5*c = m - 0*c + 12. Let j(p) = p - 2. Let q be j(m). Suppose 0 = 4*h - q*h + 28. What is the units digit of h?
4
Suppose 2*o - 6*o = -40. Suppose -2*p - o = -5*r - 0*p, 4*r + 2*p = 26. Suppose 0 